{"id":1042,"date":"2025-03-05T21:22:00","date_gmt":"2025-03-06T00:22:00","guid":{"rendered":"https:\/\/ppgp.psicologia.ufrj.br\/?page_id=1042"},"modified":"2025-03-15T16:19:18","modified_gmt":"2025-03-15T19:19:18","slug":"nosso-espaco","status":"publish","type":"page","link":"https:\/\/ppgp.psicologia.ufrj.br\/index.php\/nosso-espaco\/","title":{"rendered":"Nosso espa\u00e7o"},"content":{"rendered":"\n<p>O PPGP-UFRJ \u00e9 localizado no Instituto de Psicologia e conta com diferentes espa\u00e7os da pr\u00f3pria universidade para a execu\u00e7\u00e3o dos nossos trabalhos. Aqui apresentamos imagens de alguns dos nossos ambientes de trabalho onde reunimos docentes, discentes e visitantes em atividades, disciplinas reuni\u00f5es e muita troca! Venha pessoalmente conhecer nossas instala\u00e7\u00f5es!<\/p>\n\n\n\n<figure class=\"wp-block-image aligncenter size-large is-resized\"><img loading=\"lazy\" decoding=\"async\" width=\"1024\" height=\"683\" src=\"https:\/\/ppgp.psicologia.ufrj.br\/wp-content\/uploads\/2025\/03\/IMG_8647-1024x683.jpg\" alt=\"\" class=\"wp-image-1063\" style=\"width:627px;height:auto\" srcset=\"https:\/\/ppgp.psicologia.ufrj.br\/wp-content\/uploads\/2025\/03\/IMG_8647-1024x683.jpg 1024w, https:\/\/ppgp.psicologia.ufrj.br\/wp-content\/uploads\/2025\/03\/IMG_8647-300x200.jpg 300w, https:\/\/ppgp.psicologia.ufrj.br\/wp-content\/uploads\/2025\/03\/IMG_8647-768x512.jpg 768w, https:\/\/ppgp.psicologia.ufrj.br\/wp-content\/uploads\/2025\/03\/IMG_8647-1536x1024.jpg 1536w, https:\/\/ppgp.psicologia.ufrj.br\/wp-content\/uploads\/2025\/03\/IMG_8647-2048x1365.jpg 2048w\" sizes=\"auto, (max-width: 1024px) 100vw, 1024px\" \/><\/figure>\n\n\n\n<p class=\"has-text-align-center\">Foto 1: Frente do Instituto de Psicologia. Autoria: pr\u00f3pria, 2024.<\/p>\n\n\n\n<figure class=\"wp-block-image aligncenter size-large is-resized\"><img loading=\"lazy\" decoding=\"async\" width=\"1024\" height=\"683\" src=\"https:\/\/ppgp.psicologia.ufrj.br\/wp-content\/uploads\/2025\/03\/IMG_8644-1024x683.jpg\" alt=\"\" class=\"wp-image-1065\" style=\"width:639px;height:auto\" srcset=\"https:\/\/ppgp.psicologia.ufrj.br\/wp-content\/uploads\/2025\/03\/IMG_8644-1024x683.jpg 1024w, https:\/\/ppgp.psicologia.ufrj.br\/wp-content\/uploads\/2025\/03\/IMG_8644-300x200.jpg 300w, https:\/\/ppgp.psicologia.ufrj.br\/wp-content\/uploads\/2025\/03\/IMG_8644-768x512.jpg 768w, https:\/\/ppgp.psicologia.ufrj.br\/wp-content\/uploads\/2025\/03\/IMG_8644-1536x1024.jpg 1536w, https:\/\/ppgp.psicologia.ufrj.br\/wp-content\/uploads\/2025\/03\/IMG_8644-2048x1365.jpg 2048w\" sizes=\"auto, (max-width: 1024px) 100vw, 1024px\" \/><\/figure>\n\n\n\n<p class=\"has-text-align-center\">Foto 2: corredor e murais do Instituto de Psicologia. Autoria: pr\u00f3pria, 2024.<\/p>\n\n\n\n<figure class=\"wp-block-image aligncenter size-large is-resized\"><img loading=\"lazy\" decoding=\"async\" width=\"1024\" height=\"683\" src=\"https:\/\/ppgp.psicologia.ufrj.br\/wp-content\/uploads\/2025\/03\/IMG_8639-1024x683.jpg\" alt=\"\" class=\"wp-image-1066\" style=\"width:651px;height:auto\" srcset=\"https:\/\/ppgp.psicologia.ufrj.br\/wp-content\/uploads\/2025\/03\/IMG_8639-1024x683.jpg 1024w, https:\/\/ppgp.psicologia.ufrj.br\/wp-content\/uploads\/2025\/03\/IMG_8639-300x200.jpg 300w, https:\/\/ppgp.psicologia.ufrj.br\/wp-content\/uploads\/2025\/03\/IMG_8639-768x512.jpg 768w, https:\/\/ppgp.psicologia.ufrj.br\/wp-content\/uploads\/2025\/03\/IMG_8639-1536x1024.jpg 1536w, https:\/\/ppgp.psicologia.ufrj.br\/wp-content\/uploads\/2025\/03\/IMG_8639-2048x1365.jpg 2048w\" sizes=\"auto, (max-width: 1024px) 100vw, 1024px\" \/><\/figure>\n\n\n\n<p class=\"has-text-align-center\">Foto 3: corredor de entrada do espa\u00e7o interno do PPGP-UFRJ. Autoria: pr\u00f3pria, 2024.<\/p>\n\n\n\n<figure class=\"wp-block-image aligncenter size-large is-resized\"><img loading=\"lazy\" decoding=\"async\" width=\"1024\" height=\"683\" src=\"https:\/\/ppgp.psicologia.ufrj.br\/wp-content\/uploads\/2025\/03\/IMG_8640-1024x683.jpg\" alt=\"\" class=\"wp-image-1067\" style=\"width:663px;height:auto\" srcset=\"https:\/\/ppgp.psicologia.ufrj.br\/wp-content\/uploads\/2025\/03\/IMG_8640-1024x683.jpg 1024w, https:\/\/ppgp.psicologia.ufrj.br\/wp-content\/uploads\/2025\/03\/IMG_8640-300x200.jpg 300w, https:\/\/ppgp.psicologia.ufrj.br\/wp-content\/uploads\/2025\/03\/IMG_8640-768x512.jpg 768w, https:\/\/ppgp.psicologia.ufrj.br\/wp-content\/uploads\/2025\/03\/IMG_8640-1536x1024.jpg 1536w, https:\/\/ppgp.psicologia.ufrj.br\/wp-content\/uploads\/2025\/03\/IMG_8640-2048x1365.jpg 2048w\" sizes=\"auto, (max-width: 1024px) 100vw, 1024px\" \/><\/figure>\n\n\n\n<p class=\"has-text-align-center\">Foto 4: sala para atividades. Autoria: pr\u00f3pria, 2024.<\/p>\n\n\n\n<figure class=\"wp-block-image aligncenter size-large is-resized\"><img loading=\"lazy\" decoding=\"async\" width=\"1024\" height=\"683\" src=\"https:\/\/ppgp.psicologia.ufrj.br\/wp-content\/uploads\/2025\/03\/IMG_8641-1024x683.jpg\" alt=\"\" class=\"wp-image-1068\" style=\"width:670px;height:auto\" srcset=\"https:\/\/ppgp.psicologia.ufrj.br\/wp-content\/uploads\/2025\/03\/IMG_8641-1024x683.jpg 1024w, https:\/\/ppgp.psicologia.ufrj.br\/wp-content\/uploads\/2025\/03\/IMG_8641-300x200.jpg 300w, https:\/\/ppgp.psicologia.ufrj.br\/wp-content\/uploads\/2025\/03\/IMG_8641-768x512.jpg 768w, https:\/\/ppgp.psicologia.ufrj.br\/wp-content\/uploads\/2025\/03\/IMG_8641-1536x1024.jpg 1536w, https:\/\/ppgp.psicologia.ufrj.br\/wp-content\/uploads\/2025\/03\/IMG_8641-2048x1365.jpg 2048w\" sizes=\"auto, (max-width: 1024px) 100vw, 1024px\" \/><\/figure>\n\n\n\n<p class=\"has-text-align-center\">Foto 5: sala de reuni\u00f5es do PPGP-UFRJ. Autoria: pr\u00f3pria, 2024.<\/p>\n\n\n\n<figure class=\"wp-block-image aligncenter size-large is-resized\"><img loading=\"lazy\" decoding=\"async\" width=\"1024\" height=\"683\" src=\"https:\/\/ppgp.psicologia.ufrj.br\/wp-content\/uploads\/2025\/03\/IMG_8642-1024x683.jpg\" alt=\"\" class=\"wp-image-1069\" style=\"width:683px;height:auto\" srcset=\"https:\/\/ppgp.psicologia.ufrj.br\/wp-content\/uploads\/2025\/03\/IMG_8642-1024x683.jpg 1024w, https:\/\/ppgp.psicologia.ufrj.br\/wp-content\/uploads\/2025\/03\/IMG_8642-300x200.jpg 300w, https:\/\/ppgp.psicologia.ufrj.br\/wp-content\/uploads\/2025\/03\/IMG_8642-768x512.jpg 768w, https:\/\/ppgp.psicologia.ufrj.br\/wp-content\/uploads\/2025\/03\/IMG_8642-1536x1024.jpg 1536w, https:\/\/ppgp.psicologia.ufrj.br\/wp-content\/uploads\/2025\/03\/IMG_8642-2048x1365.jpg 2048w\" sizes=\"auto, (max-width: 1024px) 100vw, 1024px\" \/><\/figure>\n\n\n\n<p class=\"has-text-align-center\">Foto 6: sala de conven\u00e7\u00f5es, qualifica\u00e7\u00f5es e defesas do PPGP-UFRJ. Autoria: pr\u00f3pria, 2024.<\/p>\n\n\n\n<figure class=\"wp-block-image aligncenter size-large is-resized\"><img loading=\"lazy\" decoding=\"async\" width=\"1024\" height=\"683\" src=\"https:\/\/ppgp.psicologia.ufrj.br\/wp-content\/uploads\/2025\/03\/IMG_8638-1024x683.jpg\" alt=\"\" class=\"wp-image-1070\" style=\"width:686px;height:auto\" srcset=\"https:\/\/ppgp.psicologia.ufrj.br\/wp-content\/uploads\/2025\/03\/IMG_8638-1024x683.jpg 1024w, https:\/\/ppgp.psicologia.ufrj.br\/wp-content\/uploads\/2025\/03\/IMG_8638-300x200.jpg 300w, https:\/\/ppgp.psicologia.ufrj.br\/wp-content\/uploads\/2025\/03\/IMG_8638-768x512.jpg 768w, https:\/\/ppgp.psicologia.ufrj.br\/wp-content\/uploads\/2025\/03\/IMG_8638-1536x1024.jpg 1536w, https:\/\/ppgp.psicologia.ufrj.br\/wp-content\/uploads\/2025\/03\/IMG_8638-2048x1365.jpg 2048w\" sizes=\"auto, (max-width: 1024px) 100vw, 1024px\" \/><\/figure>\n\n\n\n<p class=\"has-text-align-center\">Foto 7: Est\u00fadio do Instituto de Psicologia. Para reuni\u00f5es, bancas e grava\u00e7\u00f5es de m\u00eddia. Autoria: pr\u00f3pria, 2024.<\/p>\n","protected":false},"excerpt":{"rendered":"<p>O PPGP-UFRJ \u00e9 localizado no Instituto de Psicologia e conta com diferentes espa\u00e7os da pr\u00f3pria universidade para a execu\u00e7\u00e3o dos<\/p>\n","protected":false},"author":3,"featured_media":0,"parent":0,"menu_order":0,"comment_status":"closed","ping_status":"closed","template":"","meta":{"colormag_page_container_layout":"default_layout","colormag_page_sidebar_layout":"default_layout","footnotes":""},"class_list":["post-1042","page","type-page","status-publish","hentry"],"_links":{"self":[{"href":"https:\/\/ppgp.psicologia.ufrj.br\/index.php\/wp-json\/wp\/v2\/pages\/1042","targetHints":{"allow":["GET"]}}],"collection":[{"href":"https:\/\/ppgp.psicologia.ufrj.br\/index.php\/wp-json\/wp\/v2\/pages"}],"about":[{"href":"https:\/\/ppgp.psicologia.ufrj.br\/index.php\/wp-json\/wp\/v2\/types\/page"}],"author":[{"embeddable":true,"href":"https:\/\/ppgp.psicologia.ufrj.br\/index.php\/wp-json\/wp\/v2\/users\/3"}],"replies":[{"embeddable":true,"href":"https:\/\/ppgp.psicologia.ufrj.br\/index.php\/wp-json\/wp\/v2\/comments?post=1042"}],"version-history":[{"count":7,"href":"https:\/\/ppgp.psicologia.ufrj.br\/index.php\/wp-json\/wp\/v2\/pages\/1042\/revisions"}],"predecessor-version":[{"id":1079,"href":"https:\/\/ppgp.psicologia.ufrj.br\/index.php\/wp-json\/wp\/v2\/pages\/1042\/revisions\/1079"}],"wp:attachment":[{"href":"https:\/\/ppgp.psicologia.ufrj.br\/index.php\/wp-json\/wp\/v2\/media?parent=1042"}],"curies":[{"name":"wp","href":"https:\/\/api.w.org\/{rel}","templated":true}]}}

Nosso espaço

<p>O PPGP-UFRJ é localizado no Instituto de Psicologia e conta com diferentes espaços da própria universidade para a execução dos nossos trabalhos. Aqui apresentamos imagens de alguns dos nossos ambientes de trabalho onde reunimos docentes, discentes e visitantes em atividades, disciplinas reuniões e muita troca! Venha pessoalmente conhecer nossas instalações!</p>



<figure class="wp-block-image aligncenter size-large is-resized"><img loading="lazy" decoding="async" width="1024" height="683" src="https://ppgp.psicologia.ufrj.br/wp-content/uploads/2025/03/IMG_8647-1024x683.jpg" alt="" class="wp-image-1063" style="width:627px;height:auto" srcset="https://ppgp.psicologia.ufrj.br/wp-content/uploads/2025/03/IMG_8647-1024x683.jpg 1024w, https://ppgp.psicologia.ufrj.br/wp-content/uploads/2025/03/IMG_8647-300x200.jpg 300w, https://ppgp.psicologia.ufrj.br/wp-content/uploads/2025/03/IMG_8647-768x512.jpg 768w, https://ppgp.psicologia.ufrj.br/wp-content/uploads/2025/03/IMG_8647-1536x1024.jpg 1536w, https://ppgp.psicologia.ufrj.br/wp-content/uploads/2025/03/IMG_8647-2048x1365.jpg 2048w" sizes="auto, (max-width: 1024px) 100vw, 1024px" /></figure>



<p class="has-text-align-center">Foto 1: Frente do Instituto de Psicologia. Autoria: própria, 2024.</p>



<figure class="wp-block-image aligncenter size-large is-resized"><img loading="lazy" decoding="async" width="1024" height="683" src="https://ppgp.psicologia.ufrj.br/wp-content/uploads/2025/03/IMG_8644-1024x683.jpg" alt="" class="wp-image-1065" style="width:639px;height:auto" srcset="https://ppgp.psicologia.ufrj.br/wp-content/uploads/2025/03/IMG_8644-1024x683.jpg 1024w, https://ppgp.psicologia.ufrj.br/wp-content/uploads/2025/03/IMG_8644-300x200.jpg 300w, https://ppgp.psicologia.ufrj.br/wp-content/uploads/2025/03/IMG_8644-768x512.jpg 768w, https://ppgp.psicologia.ufrj.br/wp-content/uploads/2025/03/IMG_8644-1536x1024.jpg 1536w, https://ppgp.psicologia.ufrj.br/wp-content/uploads/2025/03/IMG_8644-2048x1365.jpg 2048w" sizes="auto, (max-width: 1024px) 100vw, 1024px" /></figure>



<p class="has-text-align-center">Foto 2: corredor e murais do Instituto de Psicologia. Autoria: própria, 2024.</p>



<figure class="wp-block-image aligncenter size-large is-resized"><img loading="lazy" decoding="async" width="1024" height="683" src="https://ppgp.psicologia.ufrj.br/wp-content/uploads/2025/03/IMG_8639-1024x683.jpg" alt="" class="wp-image-1066" style="width:651px;height:auto" srcset="https://ppgp.psicologia.ufrj.br/wp-content/uploads/2025/03/IMG_8639-1024x683.jpg 1024w, https://ppgp.psicologia.ufrj.br/wp-content/uploads/2025/03/IMG_8639-300x200.jpg 300w, https://ppgp.psicologia.ufrj.br/wp-content/uploads/2025/03/IMG_8639-768x512.jpg 768w, https://ppgp.psicologia.ufrj.br/wp-content/uploads/2025/03/IMG_8639-1536x1024.jpg 1536w, https://ppgp.psicologia.ufrj.br/wp-content/uploads/2025/03/IMG_8639-2048x1365.jpg 2048w" sizes="auto, (max-width: 1024px) 100vw, 1024px" /></figure>



<p class="has-text-align-center">Foto 3: corredor de entrada do espaço interno do PPGP-UFRJ. Autoria: própria, 2024.</p>



<figure class="wp-block-image aligncenter size-large is-resized"><img loading="lazy" decoding="async" width="1024" height="683" src="https://ppgp.psicologia.ufrj.br/wp-content/uploads/2025/03/IMG_8640-1024x683.jpg" alt="" class="wp-image-1067" style="width:663px;height:auto" srcset="https://ppgp.psicologia.ufrj.br/wp-content/uploads/2025/03/IMG_8640-1024x683.jpg 1024w, https://ppgp.psicologia.ufrj.br/wp-content/uploads/2025/03/IMG_8640-300x200.jpg 300w, https://ppgp.psicologia.ufrj.br/wp-content/uploads/2025/03/IMG_8640-768x512.jpg 768w, https://ppgp.psicologia.ufrj.br/wp-content/uploads/2025/03/IMG_8640-1536x1024.jpg 1536w, https://ppgp.psicologia.ufrj.br/wp-content/uploads/2025/03/IMG_8640-2048x1365.jpg 2048w" sizes="auto, (max-width: 1024px) 100vw, 1024px" /></figure>



<p class="has-text-align-center">Foto 4: sala para atividades. Autoria: própria, 2024.</p>



<figure class="wp-block-image aligncenter size-large is-resized"><img loading="lazy" decoding="async" width="1024" height="683" src="https://ppgp.psicologia.ufrj.br/wp-content/uploads/2025/03/IMG_8641-1024x683.jpg" alt="" class="wp-image-1068" style="width:670px;height:auto" srcset="https://ppgp.psicologia.ufrj.br/wp-content/uploads/2025/03/IMG_8641-1024x683.jpg 1024w, https://ppgp.psicologia.ufrj.br/wp-content/uploads/2025/03/IMG_8641-300x200.jpg 300w, https://ppgp.psicologia.ufrj.br/wp-content/uploads/2025/03/IMG_8641-768x512.jpg 768w, https://ppgp.psicologia.ufrj.br/wp-content/uploads/2025/03/IMG_8641-1536x1024.jpg 1536w, https://ppgp.psicologia.ufrj.br/wp-content/uploads/2025/03/IMG_8641-2048x1365.jpg 2048w" sizes="auto, (max-width: 1024px) 100vw, 1024px" /></figure>



<p class="has-text-align-center">Foto 5: sala de reuniões do PPGP-UFRJ. Autoria: própria, 2024.</p>



<figure class="wp-block-image aligncenter size-large is-resized"><img loading="lazy" decoding="async" width="1024" height="683" src="https://ppgp.psicologia.ufrj.br/wp-content/uploads/2025/03/IMG_8642-1024x683.jpg" alt="" class="wp-image-1069" style="width:683px;height:auto" srcset="https://ppgp.psicologia.ufrj.br/wp-content/uploads/2025/03/IMG_8642-1024x683.jpg 1024w, https://ppgp.psicologia.ufrj.br/wp-content/uploads/2025/03/IMG_8642-300x200.jpg 300w, https://ppgp.psicologia.ufrj.br/wp-content/uploads/2025/03/IMG_8642-768x512.jpg 768w, https://ppgp.psicologia.ufrj.br/wp-content/uploads/2025/03/IMG_8642-1536x1024.jpg 1536w, https://ppgp.psicologia.ufrj.br/wp-content/uploads/2025/03/IMG_8642-2048x1365.jpg 2048w" sizes="auto, (max-width: 1024px) 100vw, 1024px" /></figure>



<p class="has-text-align-center">Foto 6: sala de convenções, qualificações e defesas do PPGP-UFRJ. Autoria: própria, 2024.</p>



<figure class="wp-block-image aligncenter size-large is-resized"><img loading="lazy" decoding="async" width="1024" height="683" src="https://ppgp.psicologia.ufrj.br/wp-content/uploads/2025/03/IMG_8638-1024x683.jpg" alt="" class="wp-image-1070" style="width:686px;height:auto" srcset="https://ppgp.psicologia.ufrj.br/wp-content/uploads/2025/03/IMG_8638-1024x683.jpg 1024w, https://ppgp.psicologia.ufrj.br/wp-content/uploads/2025/03/IMG_8638-300x200.jpg 300w, https://ppgp.psicologia.ufrj.br/wp-content/uploads/2025/03/IMG_8638-768x512.jpg 768w, https://ppgp.psicologia.ufrj.br/wp-content/uploads/2025/03/IMG_8638-1536x1024.jpg 1536w, https://ppgp.psicologia.ufrj.br/wp-content/uploads/2025/03/IMG_8638-2048x1365.jpg 2048w" sizes="auto, (max-width: 1024px) 100vw, 1024px" /></figure>



<p class="has-text-align-center">Foto 7: Estúdio do Instituto de Psicologia. Para reuniões, bancas e gravações de mídia. Autoria: própria, 2024.</p>

<p>O PPGP-UFRJ é localizado no Instituto de Psicologia e conta com diferentes espaços da própria universidade para a execução dos</p>
